 to base 2
10011100111
What is -544 (base 14) in base 11?
-866
Convert -1593 (base 12) to base 6.
-15503
What is -344303 (base 6) in base 13?
-10563
1002202010 (base 3) to base 12
10670
What is -34617 (base 9) in base 13?
-a690
Convert 2423 (base 5) to base 16.
16b
Convert -1611 (base 8) to base 9.
-1215
Convert 224 (base 5) to base 8.
100
Convert -126116 (base 7) to base 8.
-56261
What is -a4 (base 12) in base 10?
-124
Convert 1101010110011 (base 2) to base 13.
315a
-10123032 (base 4) to base 13
-8334
200 (base 10) to base 14
104
1b1 (base 12) to base 9
337
Convert -114510 (base 6) to base 7.
-41340
Convert -1004 (base 12) to base 7.
-5023
-918 (base 10) to base 12
-646
2313403 (base 5) to base 12
20194
Convert 81a2 (base 12) to base 7.
56036
Convert -3035 (base 6) to base 5.
-10141
What is -2123123 (base 4) in base 5?
-304242
Convert -233233 (base 4) to base 10.
-3055
110450 (base 6) to base 7
35646
What is 3201123 (base 4) in base 10?
14427
Convert 1b44 (base 14) to base 10.
4960
Convert -101111110110 (base 2) to base 16.
-bf6
Convert -18935 (base 10) to base 2.
-100100111110111
Convert 1101101101101 (base 2) to base 10.
7021
Convert -33021 (base 5) to base 16.
-8d5
What is -3683 (base 9) in base 7?
-11004
Convert -3202310 (base 4) to base 2.
-11100010110100
-112554 (base 6) to base 10
-9718
Convert 14b9 (base 13) to base 6.
22001
Convert -2110 (base 7) to base 14.
-3b0
What is 16552 (base 8) in base 11?
5726
Convert -52152 (base 6) to base 4.
-1231010
What is -164662 (base 7) in base 15?
-9b4d
-4ca (base 14) to base 9
-1278
What is 3030 (base 6) in base 4?
22122
What is -4414 (base 5) in base 13?
-37b
Convert -4d9 (base 15) to base 14.
-58c
What is -10111210 (base 3) in base 4?
-213333
54 (base 11) to base 5
214
What is 2cb0 (base 13) in base 4?
1212211
What is 122332 (base 5) in base 14?
1a0d
What is 111055 (base 6) in base 8?
22153
Convert -100200 (base 3) to base 13.
-171
What is -37d9 (base 14) in base 15?
-2d80
105 (base 7) to base 12
46
Convert 296a (base 12) to base 6.
34214
Convert 1233 (base 10) to base 4.
103101
-2423 (base 5) to base 11
-300
-42030 (base 5) to base 16
-acd
What is 7193 (base 11) in base 13?
445b
Convert -4676 (base 16) to base 15.
-5528
287 (base 15) to base 3
210101
365 (base 9) to base 12
212
2102022 (base 3) to base 13
a58
Convert -112002122 (base 3) to base 15.
-30a2
Convert 13691 (base 10) to base 12.
7b0b
-14713 (base 13) to base 10
-38548
What is -b71 (base 13) in base 12?
-1167
What is 1785 (base 9) in base 11?
1039
-75d (base 15) to base 6
-11411
Convert -64 (base 12) to base 6.
-204
Convert 3023 (base 6) to base 11.
553
-11001100100 (base 2) to base 12
-b44
What is 1102 (base 5) in base 7?
305
Convert -1101100 (base 2) to base 11.
-99
What is 2799 (base 11) in base 2?
111000100001
What is 5b5 (base 13) in base 6?
4333
172 (base 9) to base 4
2102
-2599 (base 11) to base 14
-1331
Convert 29a3 (base 12) to base 9.
6616
Convert 108004 (base 9) to base 6.
1220221
Convert -138a8 (base 11) to base 9.
-30041
What is -728c (base 13) in base 9?
-23642
-3463 (base 15) to base 13
-50a3
20146 (base 8) to base 10
8294
What is -2003220 (base 5) in base 10?
-31685
Convert 404121 (base 5) to base 8.
31354
What is -c529 (base 14) in base 2?
-1000010010011001
-40304 (base 6) to base 4
-1102300
What is -4005 (base 6) in base 9?
-1165
-13315 (base 6) to base 3
-2211102
What is -1330 (base 6) in base 7?
-666
Convert 2986 (base 16) to base 4.
2212012
Convert 100111011111 (base 2) to base 11.
1998
Convert -245303 (base 6) to base 3.
-1010002010
What is -42650 (base 7) in base 4?
-2211323
What is -a (base 14) in base 13?
-a
What is 1262 (base 10) in base 13?
761
What is -33012 (base 6) in base 2?
-1000111000000
7472 (base 10) to base 2
1110100110000
What is 101110 (base 2) in base 9?
51
Convert -84 (base 10) to base 11.
-77
What is -23332203 (base 4) in base 3?
-2111022000
What is 3161 (base 9) in base 5?
33243
Convert -43232 (base 7) to base 6.
-121442
Convert -1b4a (base 15) to base 9.
-8107
Convert 54255 (base 8) to base 5.
1211301
Convert -421534 (base 6) to base 3.
-1201210111
What is -151 (base 14) in base 10?
-267
Convert 240 (base 10) to base 6.
1040
What is 30002 (base 6) in base 4?
330302
Convert 23968 (base 11) to base 5.
2100223
Convert -15678 (base 10) to base 2.
-11110100111110
What is 32023300 (base 4) in base 10?
58096
What is -177 (base 9) in base 3?
-12121
Convert 101100110 (base 2) to base 14.
1b8
What is 1c38 (base 16) in base 3?
100220120
Convert -10453 (base 7) to base 14.
-d63
What is 2053 (base 11) in base 13?
1313
What is -211122020 (base 3) in base 4?
-10001313
Convert 104107 (base 8) to base 5.
2104022
Convert -142104 (base 5) to base 15.
-1b39
Convert 2777 (base 16) to base 6.
114435
-101011101001 (base 2) to base 6
-20533
-55143 (base 6) to base 10
-7623
Convert 3553 (base 9) to base 10.
2640
Convert -1a04 (base 11) to base 10.
-2545
-2a9 (base 13) to base 16
-1dd
Convert 348 (base 10) to base 15.
183
Convert 7312 (base 8) to base 2.
111011001010
Convert -1330 (base 5) to base 2.
-11010111
Convert 4583 (base 11) to base 3.
22020222
10260 (base 8) to base 12
2580
What is 201 (base 15) in base 14?
243
-208 (base 9) to base 10
-170
Convert -21102122 (base 3) to base 10.
-5417
What is -130061 (base 8) in base 13?
-176b8
What is -1010110011 (base 2) in base 3?
-221121
Convert 2022 (base 11) to base 15.
be1
Convert 411 (base 10) to base 6.
1523
600 (base 14) to base 16
498
What is 11001110 (base 2) in base 6?
542
10001100100110100 (base 2) to base 10
71988
Convert 261 (base 10) to base 5.
2021
Convert -121021221 (base 3) to base 2.
-10111001100110
30263 (base 8) to base 5
344332
What is 3111 (base 6) in base 5?
10231
What is -347 (base 12) in base 16?
-1e7
What is 106 (base 7) in base 2?
110111
7512 (base 10) to base 7
30621
Convert 23324 (base 5) to base 3.
2100111
Convert 4323 (base 7) to base 8.
3000
301311 (base 4) to base 8
6165
What is 1aeb (base 16) in base 8?
15353
eac (base 16) to base 2
111010101100
Convert -60 (base 7) to base 14.
-30
Convert 30594 (base 11) to base 12.
219b3
-13cd7 (base 14) to base 6
-1015421
-22211210 (base 3) to base 16
-192f
1220222 (base 3) to base 9
1828
-20112 (base 3) to base 4
-2300
What is 41133 (base 5) in base 11?
2006
Convert -11103 (base 4) to base 6.
-1323
Convert 21204 (base 5) to base 12.
9b1
Convert -7a (base 11) to base 4.
-1113
Convert 131201 (base 4) to base 16.
761
-2b (base 13) to base 3
-1101
101011010110100 (base 2) to base 12
10a18
10a6 (base 14) to base 13
1414
What is 31105 (base 6) in base 9?
5615
What is -26525 (base 7) in base 4?
-1233110
Convert -111111222 (base 3) to base 6.
-113342
What is 297 (base 11) in base 16?
15c
-5 (base 14) to base 8
-5
320 (base 12) to base 8
710
What is -38303 (base 10) in base 8?
-112637
What is -200121021 (base 3) in base 7?
-54352
What is 1100121 (base 3) in base 4?
33130
What is -2410 (base 11) in base 12?
-19b1
27203 (base 8) to base 13
555c
What is d0a4 (base 14) in base 10?
35816
-20103111 (base 4) to base 13
-1262a
Convert -a70 (base 14) to base 12.
-1236
Convert -11110010100 (base 2) to base 14.
-9c8
Convert -1c9e (base 15) to base 12.
-3728
What is -54133 (base 9) in base 16?
-8bf8
Convert 10103313 (base 4) to base 5.
1031110
Convert 38b (base 12) to base 11.
450
Convert c8e (base 16) to base 8.
6216
What is -1002 (base 11) in base 4?
-110311
24 (base 16) to base 6
100
Convert 1152 (base 6) to base 2.
100011100
Convert -c794 (base 14) to base 6.
-423222
Convert -102201111 (base 3) to base 9.
-12644
What is -607 (base 10) in base 3?
-211111
-3954 (base 12) to base 10
-6544
What is 63a3 (base 11) in base 5?
232322
What is -333 (base 10) in base 4?
-11031
What is 1020031 (base 5) in base 11?
11766
What is 12014 (base 5) in base 3?
1012202
Convert 1011111101010 (base 2) to base 15.
1c32
Convert -45024 (base 7) to base 11.
-8577
233 (base 6) to base 11
85
323 (base 6) to base 4
1323
2062 (base 9) to base 13
8c6
Convert -10142 (base 5) to base 8.
-1240
What is 10012222 (base 3) in base 2?
100100101100
What is -30333 (base 8) in base 10?
-12507
-105160 (base 7) to base 10
-18613
33321 (base 6) to base 16
1231
What is 29788 (base 10) in base 13?
10735
-25172 (base 9) to base 16
-4211
Convert 6922 (base 11) to